{"id":3258,"date":"2024-01-26T16:50:56","date_gmt":"2024-01-26T15:50:56","guid":{"rendered":"https:\/\/sv-illschwang.de\/?page_id=3258"},"modified":"2025-12-08T12:28:50","modified_gmt":"2025-12-08T11:28:50","slug":"14-hallenmasters-2024","status":"publish","type":"page","link":"http:\/\/sv-illschwang.de\/?page_id=3258","title":{"rendered":"14. Hallenmasters 2024"},"content":{"rendered":"\t\t<div data-elementor-type=\"wp-page\" data-elementor-id=\"3258\" class=\"elementor elementor-3258\">\n\t\t\t\t\t\t<section class=\"elementor-section elementor-top-section elementor-element elementor-element-0099cd3 elementor-section-boxed elementor-section-height-default elementor-section-height-default\" data-id=\"0099cd3\" data-element_type=\"section\">\n\t\t\t\t\t\t<div class=\"elementor-container elementor-column-gap-default\">\n\t\t\t\t\t<div class=\"elementor-column elementor-col-100 elementor-top-column elementor-element elementor-element-1af9d5f\" data-id=\"1af9d5f\" data-element_type=\"column\">\n\t\t\t<div class=\"elementor-widget-wrap elementor-element-populated\">\n\t\t\t\t\t\t<div class=\"elementor-element elementor-element-c7a8721 elementor-widget elementor-widget-image\" data-id=\"c7a8721\" data-element_type=\"widget\" data-widget_type=\"image.default\">\n\t\t\t\t<div class=\"elementor-widget-container\">\n\t\t\t\t\t\t\t\t\t\t\t\t\t\t\t<img fetchpriority=\"high\" decoding=\"async\" width=\"625\" height=\"894\" src=\"http:\/\/sv-illschwang.de\/wp-content\/uploads\/2025\/12\/Plakat_2024.png\" class=\"attachment-medium_large size-medium_large wp-image-5026\" alt=\"\" srcset=\"http:\/\/sv-illschwang.de\/wp-content\/uploads\/2025\/12\/Plakat_2024.png 625w, http:\/\/sv-illschwang.de\/wp-content\/uploads\/2025\/12\/Plakat_2024-210x300.png 210w\" sizes=\"(max-width: 625px) 100vw, 625px\" \/>\t\t\t\t\t\t\t\t\t\t\t\t\t\t\t<\/div>\n\t\t\t\t<\/div>\n\t\t\t\t\t<\/div>\n\t\t<\/div>\n\t\t\t\t\t<\/div>\n\t\t<\/section>\n\t\t\t\t<section class=\"elementor-section elementor-top-section elementor-element elementor-element-5b211ba elementor-section-boxed elementor-section-height-default elementor-section-height-default\" data-id=\"5b211ba\" data-element_type=\"section\">\n\t\t\t\t\t\t<div class=\"elementor-container elementor-column-gap-default\">\n\t\t\t\t\t<div class=\"elementor-column elementor-col-100 elementor-top-column elementor-element elementor-element-d2a5591\" data-id=\"d2a5591\" data-element_type=\"column\">\n\t\t\t<div class=\"elementor-widget-wrap elementor-element-populated\">\n\t\t\t\t\t\t<div class=\"elementor-element elementor-element-ef06e2a elementor-widget elementor-widget-text-editor\" data-id=\"ef06e2a\" data-element_type=\"widget\" data-widget_type=\"text-editor.default\">\n\t\t\t\t<div class=\"elementor-widget-container\">\n\t\t\t\t\t\t\t\t\t<p><strong>Vorbericht zum Hallenmasters des SV Illschwang (Norbert Weis)<\/strong><\/p><p>\u201eAb auf den Rasen\u201c hei\u00dft es vom 2. bis 4. Februar 2024, in der Kr\u00f6tenseesporthalle in Sulzbach-Rosenberg. Der SV Illschwang l\u00e4dt von Freitag- bis Sonntagabend zu sechs Hallenfu\u00dfballturnieren auf Kunstrasen mit Rundumbande ein.<\/p><p>Es ist mittlerweile zum 14. Mal, dass dieses Event vom SVI organisiert und durchgef\u00fchrt wird. Am Wochenende werden an allen drei Tagen wieder Hunderte von Zuschauern in die Kr\u00f6tenseesporthalle kommen, um bei diesem Spektakel mit dabei zu sein. Die Einmaligkeit des Masters in unserer Region besteht darin, dass auf Kunstrasen mit Rundumbande gespielt wird. In den letzten Wochen fanden zwar verschiedene Hallenfu\u00dfballturniere statt, doch durchwegs wurde auf dem herk\u00f6mmlichen Hallenboden gekickt. Der allj\u00e4hrliche gro\u00dfe Zuspruch durch die Fans zeigt, dass der SV Illschwang mit dieser Turnierform voll ins Schwarze getroffen hat.<\/p><p>Die Vorbereitungen f\u00fcr das Hallenmasters 2024 sind weitgehend abgeschlossen. Am heutigen Donnerstagabend beginnen mit dem Verladen der Bande die unmittelbaren Aufbauarbeiten. P\u00fcnktlich zum ersten Ansto\u00df am Freitag um 18.30 Uhr muss alles fertig sein. Viele freiwillige Helfer werden dann bis Sonntagabend im Einsatz sein, damit die Veranstaltung wieder zu einem Erfolg wird. Dank des Entgegenkommens der Stadt Sulzbach-Rosenberg war es wieder m\u00f6glich, die Kr\u00f6tenseesporthalle zu nutzen. In sechs Turnieren k\u00e4mpfen insgesamt 52 Mannschaften von der F-Jugend bis zu den Alten Herren um den jeweiligen Turniersieg. Hinzu kommen noch verschiedene Einlagespiele des Nachwuchses des SVI. Nach einigen Jahren Pause ist heuer bei der E-Jugend der Nachwuchs des SSV Jahn Regensburg mit dabei. Der Eintritt ist frei.<\/p><p>Seit Jahren geh\u00f6rt beim AH-Turnier das All-Star Team des 1.FC N\u00fcrnberg zur besonderen Attraktion des Masters. Gegen\u00fcber den Oberpfalzmedien erz\u00e4hlte Holger Kellner, ma\u00dfgeblicher Initiator des Hallenmasters, von der besonderen Verbindung der fr\u00fcheren Clubgr\u00f6\u00dfen zu dieser Veranstaltung. Den ersten Kontakt habe es vor Jahren mit Marek Mintal gegeben, als er mit seiner Firma im Einsatz war, um bei ihm in R\u00f6thenbach Arbeiten zum Bau eines Hauses auszuf\u00fchren. Mintal war sehr angetan, als ihm Kellner vom Masters erz\u00e4hlte. Davon berichtete der Slowake auch seinen Teamkollegen. Es dauerte aber dann doch bis zum Jahr 2014, ehe das All Star Team des FCN erstmals in der Kr\u00f6tenseesporthalle mit dabei war. Es sollte kein einmaliges Erlebnis f\u00fcr die eingesetzten Spieler bleiben. Jahr f\u00fcr Jahr demonstrierten sie ihre technischen F\u00e4higkeiten und gewannen die jeweiligen Turniere. Das All Star Team sei rundum begeistert gewesen. Eine Pause gab es durch die Coronapandemie, wie Kellner berichtete. Im vergangenen Jahr hatte es nicht geklappt, weil der Club, bedingt durch eine Termin\u00fcberschneidung, schon bei der Traditionsveranstaltung \u201eBananenflanke\u201c zugesagt hatte. Um so gr\u00f6\u00dfer war die Freude, dass es 2024 wieder mit der Teilnahme beim SVI klappt. Kellners erster offizieller Ansprechpartner war die fr\u00fchere Clubgr\u00f6\u00dfe Dieter N\u00fcssing. Die letzten Jahre hat dann Thomas Ziemer diese Aufgabe \u00fcbernommen. Eine besonders \u00dcberraschung gab es f\u00fcr den SV Illschwang zum 10-j\u00e4hrigen Mastersjubil\u00e4um im Jahr 2018. Fernsehmoderator Markus Othmer lud zum Besuch der Livesendung \u201eBlickpunkt Sport\u201c im Bayerischen Fernsehen ein, was f\u00fcr alle, die dabei waren, gro\u00dfe Begeisterung ausl\u00f6ste. Othmer verstand die Einladung als Dankesch\u00f6n f\u00fcr die gro\u00dfartige Organisation.\u00a0<\/p>\t\t\t\t\t\t\t\t<\/div>\n\t\t\t\t<\/div>\n\t\t\t\t\t<\/div>\n\t\t<\/div>\n\t\t\t\t\t<\/div>\n\t\t<\/section>\n\t\t\t\t<section class=\"elementor-section elementor-top-section elementor-element elementor-element-f2c24c0 elementor-section-boxed elementor-section-height-default elementor-section-height-default\" data-id=\"f2c24c0\" data-element_type=\"section\">\n\t\t\t\t\t\t<div class=\"elementor-container elementor-column-gap-default\">\n\t\t\t\t\t<div class=\"elementor-column elementor-col-50 elementor-top-column elementor-element elementor-element-47df88b\" data-id=\"47df88b\" data-element_type=\"column\">\n\t\t\t<div class=\"elementor-widget-wrap elementor-element-populated\">\n\t\t\t\t\t\t<div class=\"elementor-element elementor-element-e19ce20 elementor-widget elementor-widget-image\" data-id=\"e19ce20\" data-element_type=\"widget\" data-widget_type=\"image.default\">\n\t\t\t\t<div class=\"elementor-widget-container\">\n\t\t\t\t\t\t\t\t\t\t\t\t\t\t\t<img decoding=\"async\" width=\"640\" height=\"615\" src=\"http:\/\/sv-illschwang.de\/wp-content\/uploads\/2025\/12\/01_A-Jugend-1-Kopie-1024x984.jpg\" class=\"attachment-large size-large wp-image-5023\" alt=\"\" srcset=\"http:\/\/sv-illschwang.de\/wp-content\/uploads\/2025\/12\/01_A-Jugend-1-Kopie-1024x984.jpg 1024w, http:\/\/sv-illschwang.de\/wp-content\/uploads\/2025\/12\/01_A-Jugend-1-Kopie-300x288.jpg 300w, http:\/\/sv-illschwang.de\/wp-content\/uploads\/2025\/12\/01_A-Jugend-1-Kopie-768x738.jpg 768w, http:\/\/sv-illschwang.de\/wp-content\/uploads\/2025\/12\/01_A-Jugend-1-Kopie-1536x1475.jpg 1536w, http:\/\/sv-illschwang.de\/wp-content\/uploads\/2025\/12\/01_A-Jugend-1-Kopie-2048x1967.jpg 2048w\" sizes=\"(max-width: 640px) 100vw, 640px\" \/>\t\t\t\t\t\t\t\t\t\t\t\t\t\t\t<\/div>\n\t\t\t\t<\/div>\n\t\t\t\t\t<\/div>\n\t\t<\/div>\n\t\t\t\t<div class=\"elementor-column elementor-col-50 elementor-top-column elementor-element elementor-element-a8c84ac\" data-id=\"a8c84ac\" data-element_type=\"column\">\n\t\t\t<div class=\"elementor-widget-wrap elementor-element-populated\">\n\t\t\t\t\t\t<div class=\"elementor-element elementor-element-d39877a elementor-widget elementor-widget-image\" data-id=\"d39877a\" data-element_type=\"widget\" data-widget_type=\"image.default\">\n\t\t\t\t<div class=\"elementor-widget-container\">\n\t\t\t\t\t\t\t\t\t\t\t\t\t\t\t<img decoding=\"async\" width=\"640\" height=\"578\" src=\"http:\/\/sv-illschwang.de\/wp-content\/uploads\/2025\/12\/06_A-Jugend-9-Kopie-1024x925.jpg\" class=\"attachment-large size-large wp-image-5024\" alt=\"\" srcset=\"http:\/\/sv-illschwang.de\/wp-content\/uploads\/2025\/12\/06_A-Jugend-9-Kopie-1024x925.jpg 1024w, http:\/\/sv-illschwang.de\/wp-content\/uploads\/2025\/12\/06_A-Jugend-9-Kopie-300x271.jpg 300w, http:\/\/sv-illschwang.de\/wp-content\/uploads\/2025\/12\/06_A-Jugend-9-Kopie-768x694.jpg 768w, http:\/\/sv-illschwang.de\/wp-content\/uploads\/2025\/12\/06_A-Jugend-9-Kopie-1536x1388.jpg 1536w, http:\/\/sv-illschwang.de\/wp-content\/uploads\/2025\/12\/06_A-Jugend-9-Kopie-2048x1851.jpg 2048w\" sizes=\"(max-width: 640px) 100vw, 640px\" \/>\t\t\t\t\t\t\t\t\t\t\t\t\t\t\t<\/div>\n\t\t\t\t<\/div>\n\t\t\t\t\t<\/div>\n\t\t<\/div>\n\t\t\t\t\t<\/div>\n\t\t<\/section>\n\t\t\t\t<\/div>\n\t\t","protected":false},"excerpt":{"rendered":"<p>Vorbericht zum Hallenmasters des SV Illschwang (Norbert Weis) \u201eAb auf den Rasen\u201c hei\u00dft es vom 2. bis 4. Februar 2024, in der Kr\u00f6tenseesporthalle in Sulzbach-Rosenberg. Der SV Illschwang l\u00e4dt von Freitag- bis Sonntagabend zu sechs Hallenfu\u00dfballturnieren auf Kunstrasen mit Rundumbande ein. Es ist mittlerweile zum 14. Mal, dass dieses Event vom SVI organisiert und durchgef\u00fchrt [&hellip;]<\/p>\n","protected":false},"author":4,"featured_media":0,"parent":78,"menu_order":0,"comment_status":"closed","ping_status":"closed","template":"","meta":{"footnotes":""},"class_list":["post-3258","page","type-page","status-publish","hentry"],"_links":{"self":[{"href":"http:\/\/sv-illschwang.de\/index.php?rest_route=\/wp\/v2\/pages\/3258","targetHints":{"allow":["GET"]}}],"collection":[{"href":"http:\/\/sv-illschwang.de\/index.php?rest_route=\/wp\/v2\/pages"}],"about":[{"href":"http:\/\/sv-illschwang.de\/index.php?rest_route=\/wp\/v2\/types\/page"}],"author":[{"embeddable":true,"href":"http:\/\/sv-illschwang.de\/index.php?rest_route=\/wp\/v2\/users\/4"}],"replies":[{"embeddable":true,"href":"http:\/\/sv-illschwang.de\/index.php?rest_route=%2Fwp%2Fv2%2Fcomments&post=3258"}],"version-history":[{"count":7,"href":"http:\/\/sv-illschwang.de\/index.php?rest_route=\/wp\/v2\/pages\/3258\/revisions"}],"predecessor-version":[{"id":5029,"href":"http:\/\/sv-illschwang.de\/index.php?rest_route=\/wp\/v2\/pages\/3258\/revisions\/5029"}],"up":[{"embeddable":true,"href":"http:\/\/sv-illschwang.de\/index.php?rest_route=\/wp\/v2\/pages\/78"}],"wp:attachment":[{"href":"http:\/\/sv-illschwang.de\/index.php?rest_route=%2Fwp%2Fv2%2Fmedia&parent=3258"}],"curies":[{"name":"wp","href":"https:\/\/api.w.org\/{rel}","templated":true}]}}

<div data-elementor-type="wp-page" data-elementor-id="3258" class="elementor elementor-3258">
						<section class="elementor-section elementor-top-section elementor-element elementor-element-0099cd3 elementor-section-boxed elementor-section-height-default elementor-section-height-default" data-id="0099cd3" data-element_type="section">
						<div class="elementor-container elementor-column-gap-default">
					<div class="elementor-column elementor-col-100 elementor-top-column elementor-element elementor-element-1af9d5f" data-id="1af9d5f" data-element_type="column">
			<div class="elementor-widget-wrap elementor-element-populated">
						<div class="elementor-element elementor-element-c7a8721 elementor-widget elementor-widget-image" data-id="c7a8721" data-element_type="widget" data-widget_type="image.default">
				<div class="elementor-widget-container">
															<img fetchpriority="high" decoding="async" width="625" height="894" src="http://sv-illschwang.de/wp-content/uploads/2025/12/Plakat_2024.png" class="attachment-medium_large size-medium_large wp-image-5026" alt="" srcset="http://sv-illschwang.de/wp-content/uploads/2025/12/Plakat_2024.png 625w, http://sv-illschwang.de/wp-content/uploads/2025/12/Plakat_2024-210x300.png 210w" sizes="(max-width: 625px) 100vw, 625px" />															</div>
				</div>
					</div>
		</div>
					</div>
		</section>
				<section class="elementor-section elementor-top-section elementor-element elementor-element-5b211ba elementor-section-boxed elementor-section-height-default elementor-section-height-default" data-id="5b211ba" data-element_type="section">
						<div class="elementor-container elementor-column-gap-default">
					<div class="elementor-column elementor-col-100 elementor-top-column elementor-element elementor-element-d2a5591" data-id="d2a5591" data-element_type="column">
			<div class="elementor-widget-wrap elementor-element-populated">
						<div class="elementor-element elementor-element-ef06e2a elementor-widget elementor-widget-text-editor" data-id="ef06e2a" data-element_type="widget" data-widget_type="text-editor.default">
				<div class="elementor-widget-container">
									<p><strong>Vorbericht zum Hallenmasters des SV Illschwang (Norbert Weis)</strong></p><p>„Ab auf den Rasen“ heißt es vom 2. bis 4. Februar 2024, in der Krötenseesporthalle in Sulzbach-Rosenberg. Der SV Illschwang lädt von Freitag- bis Sonntagabend zu sechs Hallenfußballturnieren auf Kunstrasen mit Rundumbande ein.</p><p>Es ist mittlerweile zum 14. Mal, dass dieses Event vom SVI organisiert und durchgeführt wird. Am Wochenende werden an allen drei Tagen wieder Hunderte von Zuschauern in die Krötenseesporthalle kommen, um bei diesem Spektakel mit dabei zu sein. Die Einmaligkeit des Masters in unserer Region besteht darin, dass auf Kunstrasen mit Rundumbande gespielt wird. In den letzten Wochen fanden zwar verschiedene Hallenfußballturniere statt, doch durchwegs wurde auf dem herkömmlichen Hallenboden gekickt. Der alljährliche große Zuspruch durch die Fans zeigt, dass der SV Illschwang mit dieser Turnierform voll ins Schwarze getroffen hat.</p><p>Die Vorbereitungen für das Hallenmasters 2024 sind weitgehend abgeschlossen. Am heutigen Donnerstagabend beginnen mit dem Verladen der Bande die unmittelbaren Aufbauarbeiten. Pünktlich zum ersten Anstoß am Freitag um 18.30 Uhr muss alles fertig sein. Viele freiwillige Helfer werden dann bis Sonntagabend im Einsatz sein, damit die Veranstaltung wieder zu einem Erfolg wird. Dank des Entgegenkommens der Stadt Sulzbach-Rosenberg war es wieder möglich, die Krötenseesporthalle zu nutzen. In sechs Turnieren kämpfen insgesamt 52 Mannschaften von der F-Jugend bis zu den Alten Herren um den jeweiligen Turniersieg. Hinzu kommen noch verschiedene Einlagespiele des Nachwuchses des SVI. Nach einigen Jahren Pause ist heuer bei der E-Jugend der Nachwuchs des SSV Jahn Regensburg mit dabei. Der Eintritt ist frei.</p><p>Seit Jahren gehört beim AH-Turnier das All-Star Team des 1.FC Nürnberg zur besonderen Attraktion des Masters. Gegenüber den Oberpfalzmedien erzählte Holger Kellner, maßgeblicher Initiator des Hallenmasters, von der besonderen Verbindung der früheren Clubgrößen zu dieser Veranstaltung. Den ersten Kontakt habe es vor Jahren mit Marek Mintal gegeben, als er mit seiner Firma im Einsatz war, um bei ihm in Röthenbach Arbeiten zum Bau eines Hauses auszuführen. Mintal war sehr angetan, als ihm Kellner vom Masters erzählte. Davon berichtete der Slowake auch seinen Teamkollegen. Es dauerte aber dann doch bis zum Jahr 2014, ehe das All Star Team des FCN erstmals in der Krötenseesporthalle mit dabei war. Es sollte kein einmaliges Erlebnis für die eingesetzten Spieler bleiben. Jahr für Jahr demonstrierten sie ihre technischen Fähigkeiten und gewannen die jeweiligen Turniere. Das All Star Team sei rundum begeistert gewesen. Eine Pause gab es durch die Coronapandemie, wie Kellner berichtete. Im vergangenen Jahr hatte es nicht geklappt, weil der Club, bedingt durch eine Terminüberschneidung, schon bei der Traditionsveranstaltung „Bananenflanke“ zugesagt hatte. Um so größer war die Freude, dass es 2024 wieder mit der Teilnahme beim SVI klappt. Kellners erster offizieller Ansprechpartner war die frühere Clubgröße Dieter Nüssing. Die letzten Jahre hat dann Thomas Ziemer diese Aufgabe übernommen. Eine besonders Überraschung gab es für den SV Illschwang zum 10-jährigen Mastersjubiläum im Jahr 2018. Fernsehmoderator Markus Othmer lud zum Besuch der Livesendung „Blickpunkt Sport“ im Bayerischen Fernsehen ein, was für alle, die dabei waren, große Begeisterung auslöste. Othmer verstand die Einladung als Dankeschön für die großartige Organisation. </p>								</div>
				</div>
					</div>
		</div>
					</div>
		</section>
				<section class="elementor-section elementor-top-section elementor-element elementor-element-f2c24c0 elementor-section-boxed elementor-section-height-default elementor-section-height-default" data-id="f2c24c0" data-element_type="section">
						<div class="elementor-container elementor-column-gap-default">
					<div class="elementor-column elementor-col-50 elementor-top-column elementor-element elementor-element-47df88b" data-id="47df88b" data-element_type="column">
			<div class="elementor-widget-wrap elementor-element-populated">
						<div class="elementor-element elementor-element-e19ce20 elementor-widget elementor-widget-image" data-id="e19ce20" data-element_type="widget" data-widget_type="image.default">
				<div class="elementor-widget-container">
															<img decoding="async" width="640" height="615" src="http://sv-illschwang.de/wp-content/uploads/2025/12/01_A-Jugend-1-Kopie-1024x984.jpg" class="attachment-large size-large wp-image-5023" alt="" srcset="http://sv-illschwang.de/wp-content/uploads/2025/12/01_A-Jugend-1-Kopie-1024x984.jpg 1024w, http://sv-illschwang.de/wp-content/uploads/2025/12/01_A-Jugend-1-Kopie-300x288.jpg 300w, http://sv-illschwang.de/wp-content/uploads/2025/12/01_A-Jugend-1-Kopie-768x738.jpg 768w, http://sv-illschwang.de/wp-content/uploads/2025/12/01_A-Jugend-1-Kopie-1536x1475.jpg 1536w, http://sv-illschwang.de/wp-content/uploads/2025/12/01_A-Jugend-1-Kopie-2048x1967.jpg 2048w" sizes="(max-width: 640px) 100vw, 640px" />															</div>
				</div>
					</div>
		</div>
				<div class="elementor-column elementor-col-50 elementor-top-column elementor-element elementor-element-a8c84ac" data-id="a8c84ac" data-element_type="column">
			<div class="elementor-widget-wrap elementor-element-populated">
						<div class="elementor-element elementor-element-d39877a elementor-widget elementor-widget-image" data-id="d39877a" data-element_type="widget" data-widget_type="image.default">
				<div class="elementor-widget-container">
															<img decoding="async" width="640" height="578" src="http://sv-illschwang.de/wp-content/uploads/2025/12/06_A-Jugend-9-Kopie-1024x925.jpg" class="attachment-large size-large wp-image-5024" alt="" srcset="http://sv-illschwang.de/wp-content/uploads/2025/12/06_A-Jugend-9-Kopie-1024x925.jpg 1024w, http://sv-illschwang.de/wp-content/uploads/2025/12/06_A-Jugend-9-Kopie-300x271.jpg 300w, http://sv-illschwang.de/wp-content/uploads/2025/12/06_A-Jugend-9-Kopie-768x694.jpg 768w, http://sv-illschwang.de/wp-content/uploads/2025/12/06_A-Jugend-9-Kopie-1536x1388.jpg 1536w, http://sv-illschwang.de/wp-content/uploads/2025/12/06_A-Jugend-9-Kopie-2048x1851.jpg 2048w" sizes="(max-width: 640px) 100vw, 640px" />															</div>
				</div>
					</div>
		</div>
					</div>
		</section>
				</div>

<p>Vorbericht zum Hallenmasters des SV Illschwang (Norbert Weis) „Ab auf den Rasen“ heißt es vom 2. bis 4. Februar 2024, in der Krötenseesporthalle in Sulzbach-Rosenberg. Der SV Illschwang lädt von Freitag- bis Sonntagabend zu sechs Hallenfußballturnieren auf Kunstrasen mit Rundumbande ein. Es ist mittlerweile zum 14. Mal, dass dieses Event vom SVI organisiert und durchgeführt [&hellip;]</p>
