{"id":4199,"date":"2025-04-13T19:24:06","date_gmt":"2025-04-13T17:24:06","guid":{"rendered":"https:\/\/sv-illschwang.de\/?page_id=4199"},"modified":"2026-02-14T19:09:18","modified_gmt":"2026-02-14T18:09:18","slug":"lauftreff","status":"publish","type":"page","link":"http:\/\/sv-illschwang.de\/?page_id=4199","title":{"rendered":"Lauftreff &#8211; Termine etc."},"content":{"rendered":"\n<p><strong>Termin\u00fcbersicht 2026<\/strong><\/p>\n\n\n\n<figure class=\"wp-block-image size-large\"><img fetchpriority=\"high\" decoding=\"async\" width=\"335\" height=\"1024\" src=\"https:\/\/sv-illschwang.de\/wp-content\/uploads\/2026\/02\/2025_Jahreskalender-335x1024.jpg\" alt=\"\" class=\"wp-image-5203\" srcset=\"http:\/\/sv-illschwang.de\/wp-content\/uploads\/2026\/02\/2025_Jahreskalender-335x1024.jpg 335w, http:\/\/sv-illschwang.de\/wp-content\/uploads\/2026\/02\/2025_Jahreskalender-98x300.jpg 98w, http:\/\/sv-illschwang.de\/wp-content\/uploads\/2026\/02\/2025_Jahreskalender-503x1536.jpg 503w, http:\/\/sv-illschwang.de\/wp-content\/uploads\/2026\/02\/2025_Jahreskalender.jpg 653w\" sizes=\"(max-width: 335px) 100vw, 335px\" \/><\/figure>\n\n\n\n<p>Vorstehend der vorl\u00e4ufige Jahreskalender des SVI Lauftreff f\u00fcr das Jahr 2026. <\/p>\n\n\n\n<p><strong>Details hierzu werden kurzfristig ver\u00f6ffentlicht. Bei R\u00fcckfragen gerne an Andreas Dehling (Spartenleiter) wenden (Tel-Nr. 0176 \/ 962 09 111 oder E-Mail svi-lauftreff@gmx.de). <\/strong><\/p>\n\n\n\n<p><\/p>\n","protected":false},"excerpt":{"rendered":"<p>Termin\u00fcbersicht 2026 Vorstehend der vorl\u00e4ufige Jahreskalender des SVI Lauftreff f\u00fcr das Jahr 2026. Details hierzu werden kurzfristig ver\u00f6ffentlicht. Bei R\u00fcckfragen gerne an Andreas Dehling (Spartenleiter) wenden (Tel-Nr. 0176 \/ 962 09 111 oder E-Mail svi-lauftreff@gmx.de).<\/p>\n","protected":false},"author":3,"featured_media":0,"parent":0,"menu_order":0,"comment_status":"closed","ping_status":"closed","template":"","meta":{"footnotes":""},"class_list":["post-4199","page","type-page","status-publish","hentry"],"_links":{"self":[{"href":"http:\/\/sv-illschwang.de\/index.php?rest_route=\/wp\/v2\/pages\/4199","targetHints":{"allow":["GET"]}}],"collection":[{"href":"http:\/\/sv-illschwang.de\/index.php?rest_route=\/wp\/v2\/pages"}],"about":[{"href":"http:\/\/sv-illschwang.de\/index.php?rest_route=\/wp\/v2\/types\/page"}],"author":[{"embeddable":true,"href":"http:\/\/sv-illschwang.de\/index.php?rest_route=\/wp\/v2\/users\/3"}],"replies":[{"embeddable":true,"href":"http:\/\/sv-illschwang.de\/index.php?rest_route=%2Fwp%2Fv2%2Fcomments&post=4199"}],"version-history":[{"count":4,"href":"http:\/\/sv-illschwang.de\/index.php?rest_route=\/wp\/v2\/pages\/4199\/revisions"}],"predecessor-version":[{"id":5205,"href":"http:\/\/sv-illschwang.de\/index.php?rest_route=\/wp\/v2\/pages\/4199\/revisions\/5205"}],"wp:attachment":[{"href":"http:\/\/sv-illschwang.de\/index.php?rest_route=%2Fwp%2Fv2%2Fmedia&parent=4199"}],"curies":[{"name":"wp","href":"https:\/\/api.w.org\/{rel}","templated":true}]}}