{"id":82,"date":"2020-07-03T17:59:28","date_gmt":"2020-07-03T15:59:28","guid":{"rendered":"http:\/\/sv-illschwang.de\/?page_id=82"},"modified":"2024-06-25T11:25:19","modified_gmt":"2024-06-25T09:25:19","slug":"leitung-jugend","status":"publish","type":"page","link":"https:\/\/sv-illschwang.de\/?page_id=82","title":{"rendered":"Allgemeines"},"content":{"rendered":"\t\t<div data-elementor-type=\"wp-page\" data-elementor-id=\"82\" class=\"elementor elementor-82\">\n\t\t\t\t\t\t<section class=\"elementor-section elementor-top-section elementor-element elementor-element-951649a elementor-section-boxed elementor-section-height-default elementor-section-height-default\" data-id=\"951649a\" data-element_type=\"section\">\n\t\t\t\t\t\t<div class=\"elementor-container elementor-column-gap-default\">\n\t\t\t\t\t<div class=\"elementor-column elementor-col-100 elementor-top-column elementor-element elementor-element-7ba2316\" data-id=\"7ba2316\" data-element_type=\"column\">\n\t\t\t<div class=\"elementor-widget-wrap elementor-element-populated\">\n\t\t\t\t\t\t<div class=\"elementor-element elementor-element-93283d2 elementor-widget elementor-widget-text-editor\" data-id=\"93283d2\" data-element_type=\"widget\" data-widget_type=\"text-editor.default\">\n\t\t\t\t<div class=\"elementor-widget-container\">\n\t\t\t\t\t\t\t\t\t<p style=\"font-weight: 400;\"><strong>Das DFB Mobil machte Station auf dem Sportgel\u00e4nde des SV Illschwang<\/strong><\/p>\n<p style=\"font-weight: 400;\">Ein besonderer H\u00f6hepunkt war es f\u00fcr die Jungen und M\u00e4dchen der G- und F-Jugend der SG Illschwang\/Schwend, dass das DFB-Mobil am 14. Juni Station auf dem Sportgel\u00e4nde des SVI machte. Gut 20 Kinder waren zu einer Trainingseinheit eingeladen, gehalten von zwei DFB-St\u00fctzpunktrainern Markus Harant und Maximilian Gebert.<\/p>\n<p style=\"font-weight: 400;\">Seit 2009 fahren bundesweit 30 DFB-Mobile direkt zu den Fu\u00dfballvereinen. Ziel der Ma\u00dfnahme ist es, den Nachwuchstrainern, die bisher nicht lizenziert sind, praktische Tipps zu geben. Eine eineinhalbst\u00fcndige Einheit &#8211; speziell auf Bambini und F-Jugend ausgerichtet \u2013 legte den Fokus auf \u201eSpielerisch Fu\u00dfball lernen&#8220;, wobei der Ball stets im Mittelpunkt stand. Trainer und Betreuer der SG Illschwang\/Schwend waren unmittelbar mit eingebunden und konnten so wertvolle Erkenntnisse f\u00fcr zuk\u00fcnftige Trainingsplanungen gewinnen. Allen Kids war \u00fcber den gesamten Zeitraum anzusehen, dass ihnen die \u00dcbungen auf dem SVI-Sportgel\u00e4nde riesigen Spa\u00df bereitete.\u00a0\u00a0\u00a0\u00a0\u00a0<\/p>\t\t\t\t\t\t\t\t<\/div>\n\t\t\t\t<\/div>\n\t\t\t\t\t<\/div>\n\t\t<\/div>\n\t\t\t\t\t<\/div>\n\t\t<\/section>\n\t\t\t\t<section class=\"elementor-section elementor-top-section elementor-element elementor-element-42873b5 elementor-section-boxed elementor-section-height-default elementor-section-height-default\" data-id=\"42873b5\" data-element_type=\"section\">\n\t\t\t\t\t\t<div class=\"elementor-container elementor-column-gap-default\">\n\t\t\t\t\t<div class=\"elementor-column elementor-col-50 elementor-top-column elementor-element elementor-element-b1f55ac\" data-id=\"b1f55ac\" data-element_type=\"column\">\n\t\t\t<div class=\"elementor-widget-wrap elementor-element-populated\">\n\t\t\t\t\t\t<div class=\"elementor-element elementor-element-158bd1a elementor-widget elementor-widget-image\" data-id=\"158bd1a\" data-element_type=\"widget\" data-widget_type=\"image.default\">\n\t\t\t\t<div class=\"elementor-widget-container\">\n\t\t\t\t\t\t\t\t\t\t\t\t\t\t\t<img fetchpriority=\"high\" decoding=\"async\" width=\"640\" height=\"411\" src=\"https:\/\/sv-illschwang.de\/wp-content\/uploads\/2024\/06\/DFB3_1-1024x657.jpg\" class=\"attachment-large size-large wp-image-3512\" alt=\"\" srcset=\"https:\/\/sv-illschwang.de\/wp-content\/uploads\/2024\/06\/DFB3_1-1024x657.jpg 1024w, https:\/\/sv-illschwang.de\/wp-content\/uploads\/2024\/06\/DFB3_1-300x193.jpg 300w, https:\/\/sv-illschwang.de\/wp-content\/uploads\/2024\/06\/DFB3_1-768x493.jpg 768w, https:\/\/sv-illschwang.de\/wp-content\/uploads\/2024\/06\/DFB3_1-1536x986.jpg 1536w, https:\/\/sv-illschwang.de\/wp-content\/uploads\/2024\/06\/DFB3_1.jpg 1879w\" sizes=\"(max-width: 640px) 100vw, 640px\" \/>\t\t\t\t\t\t\t\t\t\t\t\t\t\t\t<\/div>\n\t\t\t\t<\/div>\n\t\t\t\t\t<\/div>\n\t\t<\/div>\n\t\t\t\t<div class=\"elementor-column elementor-col-50 elementor-top-column elementor-element elementor-element-d9ef655\" data-id=\"d9ef655\" data-element_type=\"column\">\n\t\t\t<div class=\"elementor-widget-wrap elementor-element-populated\">\n\t\t\t\t\t\t<div class=\"elementor-element elementor-element-4db5041 elementor-widget elementor-widget-image\" data-id=\"4db5041\" data-element_type=\"widget\" data-widget_type=\"image.default\">\n\t\t\t\t<div class=\"elementor-widget-container\">\n\t\t\t\t\t\t\t\t\t\t\t\t\t\t\t<img decoding=\"async\" width=\"640\" height=\"454\" src=\"https:\/\/sv-illschwang.de\/wp-content\/uploads\/2024\/06\/DFB6_1-1024x726.jpg\" class=\"attachment-large size-large wp-image-3514\" alt=\"\" srcset=\"https:\/\/sv-illschwang.de\/wp-content\/uploads\/2024\/06\/DFB6_1-1024x726.jpg 1024w, https:\/\/sv-illschwang.de\/wp-content\/uploads\/2024\/06\/DFB6_1-300x213.jpg 300w, https:\/\/sv-illschwang.de\/wp-content\/uploads\/2024\/06\/DFB6_1-768x544.jpg 768w, https:\/\/sv-illschwang.de\/wp-content\/uploads\/2024\/06\/DFB6_1-1536x1088.jpg 1536w, https:\/\/sv-illschwang.de\/wp-content\/uploads\/2024\/06\/DFB6_1.jpg 2048w\" sizes=\"(max-width: 640px) 100vw, 640px\" \/>\t\t\t\t\t\t\t\t\t\t\t\t\t\t\t<\/div>\n\t\t\t\t<\/div>\n\t\t\t\t\t<\/div>\n\t\t<\/div>\n\t\t\t\t\t<\/div>\n\t\t<\/section>\n\t\t\t\t<section class=\"elementor-section elementor-top-section elementor-element elementor-element-65ce4cc elementor-section-boxed elementor-section-height-default elementor-section-height-default\" data-id=\"65ce4cc\" data-element_type=\"section\">\n\t\t\t\t\t\t<div class=\"elementor-container elementor-column-gap-default\">\n\t\t\t\t\t<div class=\"elementor-column elementor-col-50 elementor-top-column elementor-element elementor-element-95c82d7\" data-id=\"95c82d7\" data-element_type=\"column\">\n\t\t\t<div class=\"elementor-widget-wrap elementor-element-populated\">\n\t\t\t\t\t\t<div class=\"elementor-element elementor-element-2bf1a9b elementor-widget elementor-widget-image\" data-id=\"2bf1a9b\" data-element_type=\"widget\" data-widget_type=\"image.default\">\n\t\t\t\t<div class=\"elementor-widget-container\">\n\t\t\t\t\t\t\t\t\t\t\t\t\t\t\t<img decoding=\"async\" width=\"640\" height=\"391\" src=\"https:\/\/sv-illschwang.de\/wp-content\/uploads\/2024\/06\/DFB9_1-1024x626.jpg\" class=\"attachment-large size-large wp-image-3515\" alt=\"\" srcset=\"https:\/\/sv-illschwang.de\/wp-content\/uploads\/2024\/06\/DFB9_1-1024x626.jpg 1024w, https:\/\/sv-illschwang.de\/wp-content\/uploads\/2024\/06\/DFB9_1-300x183.jpg 300w, https:\/\/sv-illschwang.de\/wp-content\/uploads\/2024\/06\/DFB9_1-768x469.jpg 768w, https:\/\/sv-illschwang.de\/wp-content\/uploads\/2024\/06\/DFB9_1-1536x939.jpg 1536w, https:\/\/sv-illschwang.de\/wp-content\/uploads\/2024\/06\/DFB9_1.jpg 1795w\" sizes=\"(max-width: 640px) 100vw, 640px\" \/>\t\t\t\t\t\t\t\t\t\t\t\t\t\t\t<\/div>\n\t\t\t\t<\/div>\n\t\t\t\t\t<\/div>\n\t\t<\/div>\n\t\t\t\t<div class=\"elementor-column elementor-col-50 elementor-top-column elementor-element elementor-element-5e8af00\" data-id=\"5e8af00\" data-element_type=\"column\">\n\t\t\t<div class=\"elementor-widget-wrap elementor-element-populated\">\n\t\t\t\t\t\t<div class=\"elementor-element elementor-element-752ee09 elementor-widget elementor-widget-image\" data-id=\"752ee09\" data-element_type=\"widget\" data-widget_type=\"image.default\">\n\t\t\t\t<div class=\"elementor-widget-container\">\n\t\t\t\t\t\t\t\t\t\t\t\t\t\t\t<img loading=\"lazy\" decoding=\"async\" width=\"640\" height=\"493\" src=\"https:\/\/sv-illschwang.de\/wp-content\/uploads\/2024\/06\/DFB4_1-1024x788.jpg\" class=\"attachment-large size-large wp-image-3513\" alt=\"\" srcset=\"https:\/\/sv-illschwang.de\/wp-content\/uploads\/2024\/06\/DFB4_1-1024x788.jpg 1024w, https:\/\/sv-illschwang.de\/wp-content\/uploads\/2024\/06\/DFB4_1-300x231.jpg 300w, https:\/\/sv-illschwang.de\/wp-content\/uploads\/2024\/06\/DFB4_1-768x591.jpg 768w, https:\/\/sv-illschwang.de\/wp-content\/uploads\/2024\/06\/DFB4_1-1536x1182.jpg 1536w, https:\/\/sv-illschwang.de\/wp-content\/uploads\/2024\/06\/DFB4_1.jpg 1688w\" sizes=\"(max-width: 640px) 100vw, 640px\" \/>\t\t\t\t\t\t\t\t\t\t\t\t\t\t\t<\/div>\n\t\t\t\t<\/div>\n\t\t\t\t\t<\/div>\n\t\t<\/div>\n\t\t\t\t\t<\/div>\n\t\t<\/section>\n\t\t\t\t<\/div>\n\t\t","protected":false},"excerpt":{"rendered":"<p>Das DFB Mobil machte Station auf dem Sportgel\u00e4nde des SV Illschwang Ein besonderer H\u00f6hepunkt war es f\u00fcr die Jungen und M\u00e4dchen der G- und F-Jugend der SG Illschwang\/Schwend, dass das DFB-Mobil am 14. Juni Station auf dem Sportgel\u00e4nde des SVI machte. Gut 20 Kinder waren zu einer Trainingseinheit eingeladen, gehalten von zwei DFB-St\u00fctzpunktrainern Markus Harant [&hellip;]<\/p>\n","protected":false},"author":1,"featured_media":0,"parent":0,"menu_order":0,"comment_status":"closed","ping_status":"closed","template":"","meta":{"footnotes":""},"class_list":["post-82","page","type-page","status-publish","hentry"],"_links":{"self":[{"href":"https:\/\/sv-illschwang.de\/index.php?rest_route=\/wp\/v2\/pages\/82","targetHints":{"allow":["GET"]}}],"collection":[{"href":"https:\/\/sv-illschwang.de\/index.php?rest_route=\/wp\/v2\/pages"}],"about":[{"href":"https:\/\/sv-illschwang.de\/index.php?rest_route=\/wp\/v2\/types\/page"}],"author":[{"embeddable":true,"href":"https:\/\/sv-illschwang.de\/index.php?rest_route=\/wp\/v2\/users\/1"}],"replies":[{"embeddable":true,"href":"https:\/\/sv-illschwang.de\/index.php?rest_route=%2Fwp%2Fv2%2Fcomments&post=82"}],"version-history":[{"count":8,"href":"https:\/\/sv-illschwang.de\/index.php?rest_route=\/wp\/v2\/pages\/82\/revisions"}],"predecessor-version":[{"id":3519,"href":"https:\/\/sv-illschwang.de\/index.php?rest_route=\/wp\/v2\/pages\/82\/revisions\/3519"}],"wp:attachment":[{"href":"https:\/\/sv-illschwang.de\/index.php?rest_route=%2Fwp%2Fv2%2Fmedia&parent=82"}],"curies":[{"name":"wp","href":"https:\/\/api.w.org\/{rel}","templated":true}]}}